{"id":5041,"date":"2025-09-23T09:05:59","date_gmt":"2025-09-23T12:05:59","guid":{"rendered":"https:\/\/mecanicaporta.com.ar\/agroindustrial\/?post_type=product&#038;p=5041"},"modified":"2026-03-17T11:57:53","modified_gmt":"2026-03-17T14:57:53","slug":"poste-para-alumbrado","status":"publish","type":"product","link":"https:\/\/mecanicaporta.com.ar\/agroindustrial\/producto\/poste-para-alumbrado\/","title":{"rendered":"Poste para Alumbrado para Iluminaci\u00f3n Exterior &#8211; Porta Agroindustrial"},"content":{"rendered":"<ul>\n<li>Poste alumbrado realizado en ca\u00f1os petrolero o ca\u00f1o de cetr\u00f3n<\/li>\n<li>Dise\u00f1o a medida<\/li>\n<\/ul>\n","protected":false},"excerpt":{"rendered":"<div>Poste dise\u00f1ado para alumbrado exterior, fabricado con materiales resistentes que garantizan durabilidad y estabilidad. Ideal para campos, calles internas, corrales y espacios abiertos que requieren iluminaci\u00f3n segura.<\/div>\n<div><\/div>\n<div class=\"zn-buttonWrapper zn-buttonWrapper-eluid71e4d2e7 text-left\" style=\"width: 300px;\"><a id=\"eluid71e4d2e7\" class=\"eluid71e4d2e7 zn-button btn btn-primary btn--square btn-icon--before\" title=\"Consultar Cotizaci\u00f3n\" href=\"https:\/\/api.whatsapp.com\/send\/?phone=543564698927&amp;text=Hola%2C+quiero+conocer+sobre+tus+productos&amp;type=phone_number&amp;app_absent=0\" target=\"_self\" rel=\"noopener\"><span class=\"zn-buttonText\">Consultar<br \/>\nCotizaci\u00f3n<\/span><\/a><\/div>\n","protected":false},"featured_media":5043,"comment_status":"open","ping_status":"closed","template":"","meta":{"_joinchat":[]},"product_cat":[523],"product_tag":[561,565,564,563],"_links":{"self":[{"href":"https:\/\/mecanicaporta.com.ar\/agroindustrial\/wp-json\/wp\/v2\/product\/5041"}],"collection":[{"href":"https:\/\/mecanicaporta.com.ar\/agroindustrial\/wp-json\/wp\/v2\/product"}],"about":[{"href":"https:\/\/mecanicaporta.com.ar\/agroindustrial\/wp-json\/wp\/v2\/types\/product"}],"replies":[{"embeddable":true,"href":"https:\/\/mecanicaporta.com.ar\/agroindustrial\/wp-json\/wp\/v2\/comments?post=5041"}],"wp:featuredmedia":[{"embeddable":true,"href":"https:\/\/mecanicaporta.com.ar\/agroindustrial\/wp-json\/wp\/v2\/media\/5043"}],"wp:attachment":[{"href":"https:\/\/mecanicaporta.com.ar\/agroindustrial\/wp-json\/wp\/v2\/media?parent=5041"}],"wp:term":[{"taxonomy":"product_cat","embeddable":true,"href":"https:\/\/mecanicaporta.com.ar\/agroindustrial\/wp-json\/wp\/v2\/product_cat?post=5041"},{"taxonomy":"product_tag","embeddable":true,"href":"https:\/\/mecanicaporta.com.ar\/agroindustrial\/wp-json\/wp\/v2\/product_tag?post=5041"}],"curies":[{"name":"wp","href":"https:\/\/api.w.org\/{rel}","templated":true}]}}