{"id":3531,"date":"2021-07-23T17:20:28","date_gmt":"2021-07-23T20:20:28","guid":{"rendered":"http:\/\/mecanicaporta.com.ar\/autoelevadores\/?post_type=product&#038;p=3531"},"modified":"2026-03-19T10:25:27","modified_gmt":"2026-03-19T13:25:27","slug":"autoelevador-heli-litio-serie-newh-1800-kg","status":"publish","type":"product","link":"https:\/\/mecanicaporta.com.ar\/autoelevadores\/producto\/autoelevador-heli-litio-serie-newh-1800-kg\/","title":{"rendered":"AU <strong> Heli Litio &#8211; Serie New H &#8211; 1.800 KG  &#8211; Porta Autoelevadores<\/strong>"},"content":{"rendered":"<h3><strong>Detalle T\u00e9cnico<\/strong><\/h3>\n<ul>\n<li><strong>Carga m\u00e1xima:<\/strong> 1.800 kg.<\/li>\n<li><strong>Torre:<\/strong> 4.500 mm.<\/li>\n<li><strong>Desplazador Lateral:<\/strong> Cascade.<\/li>\n<li><strong>U\u00f1as:<\/strong> 1.070 mm.<\/li>\n<li><strong>Motor y Controlador:<\/strong> Corriente alterna<\/li>\n<li><strong>Bater\u00eda:<\/strong> Litio 48V<\/li>\n<\/ul>\n<p>Dos horas de carga son suficientes para un ciclo de 8 horas de trabajo.<\/p>\n<p>Sistema de cargas flexibles, f\u00e1ciles de operar sin da\u00f1ar la vida de la bater\u00eda, una bater\u00eda para dos turnos sin necesidad de cambio con mayor rentabilidad y seguridad.<\/p>\n<p>No requiere a\u00f1adir agua, libre mantenimiento diario.<\/p>\n<p>Permite prescindir de las costosas salas de carga de bater\u00eda.<\/p>\n<p>Tras 4.000 ciclos de carga m\u00e1s del 75% de autonom\u00eda restante.<\/p>\n<p>5 a\u00f1os de garant\u00eda.<\/p>\n<p>M\u00e1s del triple de vida \u00fatil de una bater\u00eda de plomo \u00e1cido. Sin metales pesados, sin corrosi\u00f3n por \u00e1cidos, sin vapores nocivos en el proceso de carga. Una bater\u00eda de litio HELI sustituye a un equipo doble de bater\u00eda. Al igual que las bater\u00edas de litio ofrecen una opci\u00f3n m\u00e1s segura y eficiente en comparaci\u00f3n con las bater\u00edas tradicionales.<\/p>\n<style>\n<p>.center-container {\n  display: flex;\n  justify-content: center;\n  align-items: center;\n  position: sticky;\n}<\/p>\n<p>.color-button {\nbackground-color: #d14d12;\n}<\/p>\n<\/style>\n<p><a href=\"https:\/\/api.whatsapp.com\/send?phone=543564507433\" type=\"submit\" class=\"single_add_to_cart_button color-button button alt\">Consultar Cotizaci\u00f3n<\/a> <\/p>\n","protected":false},"excerpt":{"rendered":"<p><strong>Marca:<\/strong> Heli | <strong>Capacidad:<\/strong> 1.800 kg<\/p>\n","protected":false},"featured_media":6854,"comment_status":"open","ping_status":"closed","template":"","meta":{"_joinchat":[]},"product_brand":[],"product_cat":[836,15,832],"product_tag":[556,540,517,562],"class_list":{"0":"post-3531","1":"product","2":"type-product","3":"status-publish","4":"has-post-thumbnail","6":"product_cat-1800-kg","7":"product_cat-autoelevadores","8":"product_cat-litio","9":"product_tag-1800-kg","10":"product_tag-autoelevador","11":"product_tag-heli","12":"product_tag-new-h","14":"first","15":"instock","16":"featured","17":"downloadable","18":"shipping-taxable","19":"product-type-simple","20":"prodpage-style2"},"_links":{"self":[{"href":"https:\/\/mecanicaporta.com.ar\/autoelevadores\/wp-json\/wp\/v2\/product\/3531","targetHints":{"allow":["GET"]}}],"collection":[{"href":"https:\/\/mecanicaporta.com.ar\/autoelevadores\/wp-json\/wp\/v2\/product"}],"about":[{"href":"https:\/\/mecanicaporta.com.ar\/autoelevadores\/wp-json\/wp\/v2\/types\/product"}],"replies":[{"embeddable":true,"href":"https:\/\/mecanicaporta.com.ar\/autoelevadores\/wp-json\/wp\/v2\/comments?post=3531"}],"wp:featuredmedia":[{"embeddable":true,"href":"https:\/\/mecanicaporta.com.ar\/autoelevadores\/wp-json\/wp\/v2\/media\/6854"}],"wp:attachment":[{"href":"https:\/\/mecanicaporta.com.ar\/autoelevadores\/wp-json\/wp\/v2\/media?parent=3531"}],"wp:term":[{"taxonomy":"product_brand","embeddable":true,"href":"https:\/\/mecanicaporta.com.ar\/autoelevadores\/wp-json\/wp\/v2\/product_brand?post=3531"},{"taxonomy":"product_cat","embeddable":true,"href":"https:\/\/mecanicaporta.com.ar\/autoelevadores\/wp-json\/wp\/v2\/product_cat?post=3531"},{"taxonomy":"product_tag","embeddable":true,"href":"https:\/\/mecanicaporta.com.ar\/autoelevadores\/wp-json\/wp\/v2\/product_tag?post=3531"}],"curies":[{"name":"wp","href":"https:\/\/api.w.org\/{rel}","templated":true}]}}