{"id":5983,"date":"2025-10-16T08:27:14","date_gmt":"2025-10-16T11:27:14","guid":{"rendered":"https:\/\/mecanicaporta.com.ar\/autoelevadores\/?post_type=product&#038;p=5983"},"modified":"2026-03-19T11:43:41","modified_gmt":"2026-03-19T14:43:41","slug":"filtro-transmsion-autoelevador-toyota-series-7-8-z-1-5tn-a-3-0-tn-baldwin","status":"publish","type":"product","link":"https:\/\/mecanicaporta.com.ar\/autoelevadores\/producto\/filtro-transmsion-autoelevador-toyota-series-7-8-z-1-5tn-a-3-0-tn-baldwin\/","title":{"rendered":"FILTRO TRANSMISION AUTOELEVADOR &#8211; Porta Autoelevadores"},"content":{"rendered":"<p>Este filtro de transmisi\u00f3n, fabricado por Baldwin. Este filtro asegura una transmisi\u00f3n eficiente al eliminar las impurezas del sistema, prolongando la vida \u00fatil de la transmisi\u00f3n y mejorando su rendimiento.<\/p>\n<div style=\"width:300px;\" class=\"zn-buttonWrapper zn-buttonWrapper-eluid71e4d2e7 text-left\"><a href=\"https:\/\/wa.me\/c\/5493564221129\" id=\"eluid71e4d2e7\" class=\"eluid71e4d2e7  zn-button btn btn-primary btn--square btn-icon--before\" title=\"Consultar Cotizaci\u00f3n\" target=\"_self\" itemprop=\"url\" rel=\"noopener\"><span class=\"zn-buttonText\">Contactar Vendedor<\/span><\/a><\/div>\n","protected":false},"excerpt":{"rendered":"<p>Este filtro de transmisi\u00f3n, fabricado por Baldwin. Este filtro asegura una transmisi\u00f3n eficiente al eliminar las impurezas del sistema, prolongando la vida \u00fatil de la transmisi\u00f3n y mejorando su rendimiento. Contactar Vendedor<\/p>\n","protected":false},"featured_media":6407,"comment_status":"closed","ping_status":"closed","template":"","meta":{"_joinchat":[]},"product_brand":[],"product_cat":[838,840],"product_tag":[],"class_list":{"0":"post-5983","1":"product","2":"type-product","3":"status-publish","4":"has-post-thumbnail","6":"product_cat-filtros","7":"product_cat-repuestos","9":"first","10":"instock","11":"shipping-taxable","12":"product-type-simple","13":"prodpage-style2"},"_links":{"self":[{"href":"https:\/\/mecanicaporta.com.ar\/autoelevadores\/wp-json\/wp\/v2\/product\/5983","targetHints":{"allow":["GET"]}}],"collection":[{"href":"https:\/\/mecanicaporta.com.ar\/autoelevadores\/wp-json\/wp\/v2\/product"}],"about":[{"href":"https:\/\/mecanicaporta.com.ar\/autoelevadores\/wp-json\/wp\/v2\/types\/product"}],"replies":[{"embeddable":true,"href":"https:\/\/mecanicaporta.com.ar\/autoelevadores\/wp-json\/wp\/v2\/comments?post=5983"}],"wp:featuredmedia":[{"embeddable":true,"href":"https:\/\/mecanicaporta.com.ar\/autoelevadores\/wp-json\/wp\/v2\/media\/6407"}],"wp:attachment":[{"href":"https:\/\/mecanicaporta.com.ar\/autoelevadores\/wp-json\/wp\/v2\/media?parent=5983"}],"wp:term":[{"taxonomy":"product_brand","embeddable":true,"href":"https:\/\/mecanicaporta.com.ar\/autoelevadores\/wp-json\/wp\/v2\/product_brand?post=5983"},{"taxonomy":"product_cat","embeddable":true,"href":"https:\/\/mecanicaporta.com.ar\/autoelevadores\/wp-json\/wp\/v2\/product_cat?post=5983"},{"taxonomy":"product_tag","embeddable":true,"href":"https:\/\/mecanicaporta.com.ar\/autoelevadores\/wp-json\/wp\/v2\/product_tag?post=5983"}],"curies":[{"name":"wp","href":"https:\/\/api.w.org\/{rel}","templated":true}]}}