{"id":5988,"date":"2025-10-16T08:46:48","date_gmt":"2025-10-16T11:46:48","guid":{"rendered":"https:\/\/mecanicaporta.com.ar\/autoelevadores\/?post_type=product&#038;p=5988"},"modified":"2026-03-19T11:43:17","modified_gmt":"2026-03-19T14:43:17","slug":"filtro-transmision-autoelevador-caterpillar-mitsubishi","status":"publish","type":"product","link":"https:\/\/mecanicaporta.com.ar\/autoelevadores\/producto\/filtro-transmision-autoelevador-caterpillar-mitsubishi\/","title":{"rendered":"FILTRO TRANSMISION AUTOELEVADOR &#8211; Porta Autoelevadores"},"content":{"rendered":"<p>Este kit de filtros completo est\u00e1 dise\u00f1ado para los autoelevadores Toyota con motor Naftero 4Y. Incluye filtros importados de alta calidad, que proporcionan una filtraci\u00f3n eficiente para el motor, el sistema hidr\u00e1ulico y la transmisi\u00f3n, asegurando un funcionamiento m\u00e1s limpio y prolongando la vida \u00fatil del equipo.<\/p>\n<div style=\"width:300px;\" class=\"zn-buttonWrapper zn-buttonWrapper-eluid71e4d2e7 text-left\"><a href=\"https:\/\/wa.me\/c\/5493564221129\" id=\"eluid71e4d2e7\" class=\"eluid71e4d2e7  zn-button btn btn-primary btn--square btn-icon--before\" title=\"Consultar Cotizaci\u00f3n\" target=\"_self\" itemprop=\"url\" rel=\"noopener\"><span class=\"zn-buttonText\">Contactar Vendedor<\/span><\/a><\/div>\n","protected":false},"excerpt":{"rendered":"<p><!-- <a href=\"https:\/\/wa.me\/5491123456789?text=Hola, quiero consultar por este producto\"\n   style=\"display: inline-flex; align-items: center; background-color: #25D366; color: #fff; padding: 12px 24px; text-decoration: none; font-weight: bold; border-radius: 4px; transition: background-color 0.3s ease; font-size: 17px;\">\n  <i class=\"fab fa-whatsapp\" style=\"font-size: 20px; margin-right: 10px;\"><\/i>\n  Consultar por WhatsApp\n<\/a> \n\n<a href=\"https:\/\/wa.me\/5491123456789?text=Hola, quiero consultar por este producto\"\n   style=\"display: inline-flex; align-items: center; background-color: #25D366; color: #fff; padding: 13px 24px; text-decoration: none; font-weight: bold; border-radius: 5px; transition: background-color 0.3s ease; font-size: 18px;\">\n  <img decoding=\"async\" src=\"https:\/\/upload.wikimedia.org\/wikipedia\/commons\/6\/6b\/WhatsApp.svg\" alt=\"WhatsApp\" style=\"width: 21px; height: 20px; margin-right: 9px;\">\n  Consultar por WhatsApp\n<\/a> --><\/p>\n<p><!-- \n\n<div style=\"width: 150px;\" class=\"zn-buttonWrapper zn-buttonWrapper-eluid71e4d2e7 text-left\"><a href=\"https:\/\/wa.me\/5491123456789?text=Hola, quiero consultar por este producto FILTRO TRANSMISION AUTOELEVADOR CATERPILLAR\/MITSUBISHI\" id=\"eluid71e4d2e7\" class=\"eluid71e4d2e7  zn-button btn btn-primary btn--square btn-icon--before\" title=\"CONTACTAR VENDEDOR\" target=\"_self\" itemprop=\"url\" rel=\"noopener\"><span class=\"zn-buttonText\">CONTACTAR VENDEDOR<\/span><\/a><\/div>\n\n --><\/p>\n","protected":false},"featured_media":6423,"comment_status":"closed","ping_status":"closed","template":"","meta":{"_joinchat":[]},"product_brand":[],"product_cat":[838,840],"product_tag":[],"class_list":{"0":"post-5988","1":"product","2":"type-product","3":"status-publish","4":"has-post-thumbnail","6":"product_cat-filtros","7":"product_cat-repuestos","9":"first","10":"instock","11":"shipping-taxable","12":"product-type-simple","13":"prodpage-style2"},"_links":{"self":[{"href":"https:\/\/mecanicaporta.com.ar\/autoelevadores\/wp-json\/wp\/v2\/product\/5988","targetHints":{"allow":["GET"]}}],"collection":[{"href":"https:\/\/mecanicaporta.com.ar\/autoelevadores\/wp-json\/wp\/v2\/product"}],"about":[{"href":"https:\/\/mecanicaporta.com.ar\/autoelevadores\/wp-json\/wp\/v2\/types\/product"}],"replies":[{"embeddable":true,"href":"https:\/\/mecanicaporta.com.ar\/autoelevadores\/wp-json\/wp\/v2\/comments?post=5988"}],"wp:featuredmedia":[{"embeddable":true,"href":"https:\/\/mecanicaporta.com.ar\/autoelevadores\/wp-json\/wp\/v2\/media\/6423"}],"wp:attachment":[{"href":"https:\/\/mecanicaporta.com.ar\/autoelevadores\/wp-json\/wp\/v2\/media?parent=5988"}],"wp:term":[{"taxonomy":"product_brand","embeddable":true,"href":"https:\/\/mecanicaporta.com.ar\/autoelevadores\/wp-json\/wp\/v2\/product_brand?post=5988"},{"taxonomy":"product_cat","embeddable":true,"href":"https:\/\/mecanicaporta.com.ar\/autoelevadores\/wp-json\/wp\/v2\/product_cat?post=5988"},{"taxonomy":"product_tag","embeddable":true,"href":"https:\/\/mecanicaporta.com.ar\/autoelevadores\/wp-json\/wp\/v2\/product_tag?post=5988"}],"curies":[{"name":"wp","href":"https:\/\/api.w.org\/{rel}","templated":true}]}}