{"id":6298,"date":"2025-11-27T08:59:11","date_gmt":"2025-11-27T11:59:11","guid":{"rendered":"https:\/\/mecanicaporta.com.ar\/autoelevadores\/?post_type=product&#038;p=6298"},"modified":"2026-03-19T11:38:10","modified_gmt":"2026-03-19T14:38:10","slug":"tambor-arranque-autoelevador-mitsubishi-caterpillar","status":"publish","type":"product","link":"https:\/\/mecanicaporta.com.ar\/autoelevadores\/producto\/tambor-arranque-autoelevador-mitsubishi-caterpillar\/","title":{"rendered":"TAMBOR ARRANQUE AUTOELEVADOR &#8211; Porta Autoelevadores"},"content":{"rendered":"<p>El tambor de arranque para autoelevadores est\u00e1 dise\u00f1ado para garantizar un encendido r\u00e1pido y eficiente, incluso en condiciones de trabajo dif\u00edciles. Fabricado con materiales de alta resistencia, este componente es esencial para asegurar un arranque suave y continuo en tus equipos industriales.<\/p>\n<div style=\"width:300px;\" class=\"zn-buttonWrapper zn-buttonWrapper-eluid71e4d2e7 text-left\"><a href=\"https:\/\/wa.me\/c\/5493564221129\" id=\"eluid71e4d2e7\" class=\"eluid71e4d2e7  zn-button btn btn-primary btn--square btn-icon--before\" title=\"Consultar Cotizaci\u00f3n\" target=\"_self\" itemprop=\"url\" rel=\"noopener\"><span class=\"zn-buttonText\">Contactar Vendedor<\/span><\/a><\/div>\n","protected":false},"excerpt":{"rendered":"<p>El tambor de arranque para autoelevadores est\u00e1 dise\u00f1ado para garantizar un encendido r\u00e1pido y eficiente, incluso en condiciones de trabajo dif\u00edciles. Fabricado con materiales de alta resistencia, este componente es esencial para asegurar un arranque suave y continuo en tus equipos industriales. Contactar Vendedor<\/p>\n","protected":false},"featured_media":6464,"comment_status":"closed","ping_status":"closed","template":"","meta":{"_joinchat":[]},"product_brand":[],"product_cat":[839,840],"product_tag":[844],"class_list":{"0":"post-6298","1":"product","2":"type-product","3":"status-publish","4":"has-post-thumbnail","6":"product_cat-encendido","7":"product_cat-repuestos","8":"product_tag-tambor-autoelevador-repuestos","10":"first","11":"instock","12":"shipping-taxable","13":"product-type-simple","14":"prodpage-style2"},"_links":{"self":[{"href":"https:\/\/mecanicaporta.com.ar\/autoelevadores\/wp-json\/wp\/v2\/product\/6298","targetHints":{"allow":["GET"]}}],"collection":[{"href":"https:\/\/mecanicaporta.com.ar\/autoelevadores\/wp-json\/wp\/v2\/product"}],"about":[{"href":"https:\/\/mecanicaporta.com.ar\/autoelevadores\/wp-json\/wp\/v2\/types\/product"}],"replies":[{"embeddable":true,"href":"https:\/\/mecanicaporta.com.ar\/autoelevadores\/wp-json\/wp\/v2\/comments?post=6298"}],"wp:featuredmedia":[{"embeddable":true,"href":"https:\/\/mecanicaporta.com.ar\/autoelevadores\/wp-json\/wp\/v2\/media\/6464"}],"wp:attachment":[{"href":"https:\/\/mecanicaporta.com.ar\/autoelevadores\/wp-json\/wp\/v2\/media?parent=6298"}],"wp:term":[{"taxonomy":"product_brand","embeddable":true,"href":"https:\/\/mecanicaporta.com.ar\/autoelevadores\/wp-json\/wp\/v2\/product_brand?post=6298"},{"taxonomy":"product_cat","embeddable":true,"href":"https:\/\/mecanicaporta.com.ar\/autoelevadores\/wp-json\/wp\/v2\/product_cat?post=6298"},{"taxonomy":"product_tag","embeddable":true,"href":"https:\/\/mecanicaporta.com.ar\/autoelevadores\/wp-json\/wp\/v2\/product_tag?post=6298"}],"curies":[{"name":"wp","href":"https:\/\/api.w.org\/{rel}","templated":true}]}}